at is -133 - 230?
-363
In base 5, what is -132 + -2?
-134
In base 6, what is -10541 - -4?
-10533
In base 2, what is -1111 - -10?
-1101
In base 7, what is 0 - -103?
103
In base 12, what is -3 + 22?
1b
In base 16, what is 1048 - 5?
1043
In base 5, what is 1004 - 2?
1002
In base 11, what is 5 - -130?
135
In base 7, what is 2 - -31?
33
In base 8, what is 225 + 26?
253
In base 16, what is 11 + -3?
e
In base 11, what is 3 + 56?
59
In base 5, what is -114 - -100?
-14
In base 15, what is d - -298?
2a6
In base 4, what is 1000 + 10?
1010
In base 13, what is -55 - c?
-64
In base 9, what is -6 - 2?
-8
In base 8, what is -156 + -2?
-160
In base 10, what is -5 - 171?
-176
In base 13, what is -115 + 4?
-111
In base 4, what is -3 - -101013?
101010
In base 8, what is -3 + 142?
137
In base 3, what is 12 + -20220110?
-20220021
In base 16, what is 1aa - 13?
197
In base 11, what is 6 - -10?
16
In base 5, what is -33 + 30?
-3
In base 7, what is 16302 - -2?
16304
In base 7, what is -5540 + 4?
-5533
In base 2, what is -101 + 1001110?
1001001
In base 10, what is 3 - 1879?
-1876
In base 3, what is 22 - -2012?
2111
In base 3, what is 120 + -1?
112
In base 6, what is 124 - -52?
220
In base 5, what is -4 + -10?
-14
In base 10, what is 96 + -1?
95
In base 9, what is -12 - 2?
-14
In base 16, what is -22 - -20?
-2
In base 14, what is -b06 - 0?
-b06
In base 6, what is 22 + 10?
32
In base 8, what is -1 + 4005?
4004
In base 6, what is -202 - -1?
-201
In base 16, what is -1c9 - -10?
-1b9
In base 15, what is 2 - 145?
-143
In base 11, what is 31 + -19a?
-169
In base 9, what is -15 + 100?
74
In base 4, what is -2332212 - -3?
-2332203
In base 7, what is -120 - 350?
-500
In base 15, what is 17db + 5?
17e1
In base 8, what is 205 - 2?
203
In base 7, what is 154 - -10?
164
In base 4, what is 0 + -20?
-20
In base 12, what is 17 - 1?
16
In base 9, what is 756 - -10?
766
In base 8, what is 60 + 2?
62
In base 9, what is -1 - -52?
51
In base 5, what is 103 - -3?
111
In base 5, what is 23 - 3?
20
In base 16, what is 150 + 2?
152
In base 12, what is -232 + -3?
-235
In base 5, what is 4 - 11140?
-11131
In base 14, what is 1 + -327?
-326
In base 4, what is -1011 + -1?
-1012
In base 2, what is -11010000 + -101?
-11010101
In base 7, what is 4320 + 2?
4322
In base 4, what is 0 + -10223?
-10223
In base 14, what is -1 + -1b9?
-1ba
In base 16, what is 0 - afe?
-afe
In base 8, what is -330 - 3?
-333
In base 6, what is 2 + -14325?
-14323
In base 3, what is 11001 - 12?
10212
In base 7, what is -1611 + -23?
-1634
In base 13, what is 13 + 4?
17
In base 3, what is -20 + -102?
-122
In base 16, what is 3 - 144?
-141
In base 5, what is -30 + -1012?
-1042
In base 9, what is 1426 - 8?
1417
In base 11, what is -4 + -40?
-44
In base 8, what is 551 - -4?
555
In base 7, what is 1545 - -4?
1552
In base 15, what is -5 + 65?
60
In base 16, what is a42 - -5?
a47
In base 9, what is 804 + 3?
807
In base 12, what is -70 + -1?
-71
In base 4, what is -1 + 13223?
13222
In base 4, what is 122 + 101?
223
In base 4, what is -132113 - 11?
-132130
In base 8, what is 53 - 170?
-115
In base 8, what is -4 + 72?
66
In base 3, what is 10 - 1112122?
-1112112
In base 8, what is 3 + 43?
46
In base 9, what is 307 + 3?
311
In base 4, what is -113200 + 10?
-113130
In base 6, what is 5 - -24?
33
In base 11, what is 4 + -25?
-21
In base 7, what is 1643 - 1?
1642
In base 16, what is -608 - 2?
-60a
In base 5, what is 2 + -2213?
-2211
In base 7, what is 1 + -150?
-146
In base 15, what is -4 + 15?
11
In base 15, what is -3 + 1ebb?
1eb8
In base 3, what is -121 - -122?
1
In base 9, what is 0 - 1883?
-1883
In base 5, what is 113314 - -3?
113322
In base 10, what is 63 + 12?
75
In base 7, what is 5 + -20?
-12
In base 14, what is b + -22?
-15
In base 10, what is 57 + -5?
52
In base 14, what is 5 - -1dc9?
1dd0
In base 10, what is -3 + -257?
-260
In base 10, what is 4 - -11?
15
In base 8, what is 2 - -105?
107
In base 16, what is -9 + 30?
27
In base 15, what is -a + -13?
-1d
In base 10, what is -194 - 5?
-199
In base 14, what is 335 + -3?
332
In base 4, what is 123 + -133?
-10
In base 14, what is -1 - 1?
-2
In base 2, what is -10 + -101011100?
-101011110
In base 16, what is -2cb + -12?
-2dd
In base 9, what is 42 - -17?
60
In base 6, what is -1404 + 2?
-1402
In base 9, what is -276 + 5?
-271
In base 4, what is -22 + 11?
-11
In base 4, what is 13022 + -313?
12103
In base 8, what is -17707 + -2?
-17711
In base 16, what is -a + 6?
-4
In base 3, what is -10211120 - 1?
-10211121
In base 2, what is -10000010 - 10?
-10000100
In base 6, what is 50 + -1435?
-1345
In base 9, what is -1 + -160?
-161
In base 6, what is -2153 - 1?
-2154
In base 6, what is 355 + -4?
351
In base 7, what is 0 - 121?
-121
In base 15, what is 3 + -55?
-52
In base 2, what is -10000 + 10010?
10
In base 4, what is 1010 + 2?
1012
In base 15, what is -b - -9e?
93
In base 9, what is 4 + 85?
100
In base 14, what is -2a + 9?
-21
In base 10, what is -1475 + -3?
-1478
In base 4, what is -301 + -212?
-1113
In base 3, what is -12 - 2021?
-2110
In base 2, what is 110010 + -1?
110001
In base 14, what is 8 - -b?
15
In base 4, what is -10 - -112213?
112203
In base 11, what is 0 - -79?
79
In base 2, what is 10 - 10000100?
-10000010
In base 13, what is 66a - -8?
675
In base 4, what is -1121 - 2?
-1123
In base 15, what is -4 + -296?
-29a
In base 3, what is -22011 + -101?
-22112
In base 9, what is -21 - -11?
-10
In base 14, what is 15 + 13?
28
In base 4, what is 1132321 - -10?
1132331
In base 2, what is -111000 - -10001000?
1010000
In base 12, what is 8 - -4b0?
4b8
In base 7, what is 124 + -2?
122
In base 16, what is 5 - 13?
-e
In base 15, what is -5 - -28?
23
In base 13, what is 3 + 21b?
221
In base 13, what is -160 - 5?
-165
In base 7, what is -543 + 24?
-516
In base 13, what is 184 - -39?
1c0
In base 4, what is 101120 - 10?
101110
In base 15, what is -51 - 0?
-51
In base 14, what is 21 + 5?
26
In base 13, what is 0 + 108?
108
In base 4, what is 110 - -33232?
100002
In base 3, what is 22 - 221?
-122
In base 7, what is -2 + 2555?
2553
In base 10, what is -232 + -16?
-248
In base 11, what is 1 - 7?
-6
In base 3, what is 0 + -101210?
-101210
In base 9, what is -27 - -108?
71
In base 16, what is -19bc + -4?
-19c0
In base 11, what is 32 - 9?
24
In base 13, what is -1 - -584?
583
In base 13, what is 7 - 9a6?
-99c
In base 10, what is -7164 + 5?
-7159
In base 8, what is -7560 + -4?
-7564
In base 4, what is 31111 + 3?
31120
In base 7, what is 5 + 25?
33
In base 8, what is -4 - 157?
-163
In base 14, what is -4 - 43?
-47
In base 11, what is 34a - -9?
358
In base 11, what is -8 - 6?
-13
In base 16, what is -5 - -f80?
f7b
In base 2, what is 1011001111 - -1111?
1011011110
In base 7, what is -62 - 6?
-101
In base 12, what is 49 + -4?
45
In base 3, what is -20021 - -11?
-20010
In base 15, what is a64 - -5?
a69
In base 7, what is 1 + -160?
-156
In base 14, what is -267 + 0?
-267
In base 10, what is 331 + 9?
340
In base 7, what is 2 + 52?
54
In base 13, what is 38 + -5?
33
In base 13, what is 23a - 8?
232
In base 7, what is 6 - -4000?
4006
In base 9, what is 4 + 151?
155
In base 9, what is 3 - -70?
73
In base 4, what is 3 + 111330?
111333
In base 13, what is 2 - -60?
62
In base 8, what is -662 + -32?
-714
In base 14, what is -270 - 5?
-275
In base 2, what is 11011 - -1100011?
1111110
In base 11, what is 0 - -43a?
43a
In base 16, what is 602 - -3?
605
In base 4, what is 0 + 11003?
11003
In base 6, what is 22 - -45?
111
In base 16, what is 38 - -10?
48
In base 10, what is -120 - -4?
-116
In base 15, what is 16 - -4?
1a
In base 5, what is -1041 - -3?
-1033
In base 12, what is 26 - 80?
-56
In base 12, what is -169 - 5?
-172
In base 16, what is -13 + 1c8?
1b5
In base 11, what is 61 - -6?
67
In base 10, what is -33 + -14?
-47
In base 15, what is a81 - -4?
a85
In base 8, what is 2031 - 4?
2025
In base 13, what is -428 + 4?
-424
In base 3, what is -112 - 20?
-202
In base 5, what is -33 + 11?
-22
In base 5, what is 342 + -10?
332
In base 11, what is -2205 + -4?
-2209
In base 9, what is 221 - -2?
223
In base 5, what is -2 - -44?
42
In base 9, what is 5 + -15?
-10
In base 4, what is 102 - 1311?
-1203
In base 16, what is -17 + -4?
-1b
In base 6, what is -10505 - 4?
-10513
In base 14, what is -45 - 9?
-50
In base 4, what is 331 - 1?
